) to base 13
672
Convert ca4 (base 15) to base 4.
230212
What is 178 (base 9) in base 15?
a2
What is -3137 (base 14) in base 7?
-33500
Convert 15152 (base 6) to base 4.
212030
What is 240024 (base 6) in base 12?
10014
Convert 103433 (base 5) to base 6.
24430
Convert -212 (base 16) to base 3.
-201122
-3301 (base 5) to base 9
-551
Convert 4912 (base 10) to base 6.
34424
-11100011 (base 2) to base 13
-146
-bb7 (base 14) to base 10
-2317
-11011001111010 (base 2) to base 8
-33172
What is -10100000100 (base 2) in base 14?
-67a
-221344 (base 6) to base 13
-855a
Convert a0fa (base 16) to base 11.
28a64
Convert 12123 (base 4) to base 3.
120020
-382 (base 10) to base 5
-3012
Convert 14023 (base 5) to base 13.
697
What is 101011001 (base 2) in base 14?
1a9
What is 100112220 (base 3) in base 13?
3228
Convert 10022 (base 5) to base 9.
777
-224340 (base 5) to base 10
-8095
What is -6c (base 16) in base 8?
-154
What is 480 (base 10) in base 8?
740
-32401 (base 6) to base 10
-4465
Convert 265 (base 10) to base 8.
411
What is 39b (base 13) in base 8?
1173
What is 146100 (base 7) in base 13?
cc99
Convert 10231310 (base 4) to base 13.
8a3b
-5326 (base 9) to base 16
-f48
-1340 (base 14) to base 3
-11122111
Convert -11000011101 (base 2) to base 12.
-aa5
6b0 (base 14) to base 4
110302
What is -101000011011001 (base 2) in base 15?
-61ec
-53000 (base 6) to base 2
-1101111011000
Convert -1274 (base 8) to base 2.
-1010111100
What is -130041 (base 7) in base 9?
-35870
-54d7 (base 16) to base 15
-667e
What is -4043 (base 10) in base 6?
-30415
What is -9186 (base 13) in base 15?
-5e1c
What is -1001001001 (base 2) in base 9?
-720
113133 (base 7) to base 8
47526
74d8 (base 14) to base 10
20182
What is b8 (base 12) in base 16?
8c
2402 (base 5) to base 12
254
What is 39d3 (base 15) in base 7?
51000
Convert 71533 (base 9) to base 16.
b7f3
Convert 11025 (base 6) to base 8.
2771
What is 200210 (base 3) in base 6?
2203
Convert -1102120 (base 3) to base 15.
-496
Convert -1303331 (base 4) to base 10.
-7421
What is 145 (base 16) in base 14?
193
Convert 213 (base 14) to base 4.
12121
What is 118 (base 11) in base 4?
2030
What is -4112 (base 9) in base 4?
-233000
-17ca (base 16) to base 4
-1133022
-122210210 (base 3) to base 12
-7619
-10a4 (base 15) to base 7
-13201
Convert 133100 (base 4) to base 10.
2000
What is 1002012022 (base 3) in base 13?
98c3
What is 77062 (base 8) in base 11?
222aa
b31 (base 13) to base 2
11101101011
-1900 (base 12) to base 6
-22000
-13110 (base 4) to base 15
-213
4400 (base 7) to base 5
22233
-16560 (base 8) to base 5
-220121
-333 (base 4) to base 8
-77
What is 7985 (base 13) in base 8?
41161
What is 3621 (base 7) in base 10?
1338
What is 139 (base 16) in base 9?
377
-2050 (base 10) to base 8
-4002
-8a68 (base 15) to base 12
-14b98
-49bd (base 14) to base 3
-122201001
-40 (base 14) to base 6
-132
Convert 320 (base 10) to base 3.
102212
What is 34a (base 14) in base 3?
220020
What is -84cf (base 16) in base 4?
-20103033
What is -25311 (base 7) in base 8?
-15020
What is 10111100110 (base 2) in base 9?
2057
Convert -3412 (base 11) to base 9.
-6138
What is 1101100000 (base 2) in base 3?
1012000
Convert -40c (base 13) to base 5.
-10223
38 (base 9) to base 3
1022
Convert 10001111110 (base 2) to base 11.
956
23a (base 16) to base 7
1443
Convert -428 (base 13) to base 12.
-4b2
a8b (base 14) to base 11
1624
Convert -9664 (base 10) to base 3.
-111020221
Convert -3ab (base 12) to base 13.
-344
-100001111011 (base 2) to base 8
-4173
212100100 (base 3) to base 6
210443
-44b (base 12) to base 7
-1565
What is 5015 (base 6) in base 9?
1442
Convert 446 (base 10) to base 8.
676
What is -106010 (base 7) in base 11?
-131a7
8b (base 16) to base 15
94
What is 11550 (base 6) in base 15?
79c
Convert 3220 (base 5) to base 12.
303
What is 10553 (base 9) in base 8?
15546
What is -2c5 (base 13) in base 12?
-357
What is -645 (base 12) in base 2?
-1110010101
Convert 36b2 (base 16) to base 3.
201012121
-14663 (base 8) to base 11
-4a41
10304 (base 5) to base 12
4a8
-55ce (base 15) to base 8
-43422
Convert -2010 (base 6) to base 14.
-234
What is 11000002 (base 3) in base 5?
43133
-11101011 (base 2) to base 9
-281
Convert 501540 (base 6) to base 16.
9984
What is 373 (base 9) in base 15?
159
-1688 (base 12) to base 8
-5210
What is -162 (base 8) in base 10?
-114
3a26 (base 11) to base 3
21011202
20155 (base 12) to base 2
1010001011010001
Convert 2100 (base 8) to base 6.
5012
3642 (base 15) to base 5
332122
220201002 (base 3) to base 5
1034021
Convert 112604 (base 7) to base 11.
14197
What is 1bb2 (base 13) in base 2?
1000001101001
What is -7246 (base 13) in base 5?
-1001100
Convert -150 (base 10) to base 3.
-12120
Convert -1010110100 (base 2) to base 14.
-376
What is 70718 (base 9) in base 11?
31a43
Convert -1681 (base 9) to base 16.
-508
Convert -11110110000 (base 2) to base 14.
-a08
Convert -244 (base 10) to base 4.
-3310
Convert 11010101 (base 2) to base 10.
213
15041 (base 6) to base 3
10021221
What is -2603 (base 9) in base 7?
-5451
What is 101000100101000 (base 2) in base 3?
1001111111
25aa2 (base 11) to base 12
1968b
-26245 (base 13) to base 6
-1303151
13c7 (base 16) to base 10
5063
81 (base 15) to base 16
79
What is -20126 (base 7) in base 11?
-3729
Convert 211 (base 13) to base 16.
160
Convert 1314 (base 6) to base 14.
19c
64 (base 9) to base 8
72
223001 (base 4) to base 12
1715
-2b3a (base 14) to base 8
-17020
122120 (base 3) to base 11
3a1
-200121 (base 3) to base 4
-13312
466 (base 9) to base 6
1440
What is 3d (base 15) in base 12?
4a
What is -20131212 (base 4) in base 6?
-424250
Convert -713 (base 13) to base 6.
-5315
What is -b6 (base 14) in base 2?
-10100000
-87bc (base 13) to base 5
-1101124
-c3 (base 16) to base 7
-366
-1a915 (base 12) to base 2
-1001100110100001
Convert 2dc0 (base 15) to base 4.
2121333
Convert 9689 (base 13) to base 3.
1001200002
What is 2515 (base 6) in base 2?
1001101111
Convert -472 (base 12) to base 15.
-2e2
What is 214314 (base 5) in base 10?
7459
Convert -1240 (base 5) to base 14.
-dd
4010 (base 6) to base 2
1101100110
What is -267 (base 8) in base 10?
-183
What is 1617 (base 14) in base 15?
127b
Convert -130311 (base 4) to base 8.
-3465
-31020 (base 7) to base 14
-2a80
-3b4 (base 16) to base 12
-670
Convert 6824 (base 9) to base 7.
20464
What is 472 (base 13) in base 12?
541
Convert -16d5 (base 14) to base 9.
-5563
10002332 (base 4) to base 14
607c
Convert -7017 (base 10) to base 15.
-212c
-2012111 (base 5) to base 13
-11837
What is -100100110001110 (base 2) in base 3?
-221211102
Convert 3103 (base 5) to base 13.
250
-4b7 (base 13) to base 14
-430
What is -29018 (base 11) in base 6?
-515040
-3725 (base 12) to base 2
-1100001001101
131f4 (base 16) to base 6
1402340
542032 (base 6) to base 13
17354
What is 210011120 (base 3) in base 5?
443212
-85 (base 11) to base 12
-79
What is -27b (base 13) in base 11?
-370
What is -31401 (base 5) in base 6?
-13421
Convert -b6bb (base 13) to base 9.
-37670
What is -10000001001 (base 2) in base 7?
-3004
What is -3033 (base 7) in base 4?
-100131
What is -176c (base 15) in base 3?
-20221010
-16223 (base 9) to base 3
-120020210
Convert -1111221 (base 4) to base 8.
-12551
-710 (base 8) to base 10
-456
What is -30150 (base 6) in base 15?
-1289
23 (base 5) to base 10
13
What is -10000010001 (base 2) in base 8?
-2021
What is -3519 (base 11) in base 5?
-121433
Convert 8070 (base 16) to base 3.
1200002210
Convert -339 (base 16) to base 8.
-1471
Convert 12221 (base 3) to base 16.
a0
Convert 11443 (base 7) to base 4.
232123
What is 45320 (base 6) in base 10?
6384
30611 (base 8) to base 14
489b
What is -100045 (base 6) in base 11?
-5956
120461 (base 7) to base 8
52530
Convert -7c87 (base 13) to base 6.
-213034
What is -1001100011 (base 2) in base 8?
-1143
Convert -2321 (base 4) to base 15.
-c5
Convert 11768 (base 13) to base 10.
32027
Convert ed6 (base 16) to base 9.
5180
Convert -2212 (base 5) to base 7.
-616
What is 236 (base 8) in base 5?
1113
Convert -2262 (base 8) to base 4.
-102302
Convert 427 (base 13) to base 2.
1011000101
Convert -1382 (base 15) to base 5.
-113142
Convert -a6b (base 12) to base 5.
-22043
-101001111011 (base 2) to base 3
-10200101
53805 (base 9) to base 15
a865
-51 (base 9) to base 13
-37
What is 110